{"id":48,"date":"2016-06-22T04:18:36","date_gmt":"2016-06-21T16:18:36","guid":{"rendered":"http:\/\/www.puawaidevelopments.co.nz\/?page_id=48"},"modified":"2016-11-26T21:04:56","modified_gmt":"2016-11-26T09:04:56","slug":"about-puawai","status":"publish","type":"page","link":"https:\/\/www.puawaidevelopments.co.nz\/index.php\/about-puawai\/","title":{"rendered":"About Pu\u0101wai"},"content":{"rendered":"<h2 class=\"title  \">pu\u0101wai <a class=\"ir icon-play word-audio-play\" href=\"http:\/\/maoridictionary.co.nz\/search?idiom=&amp;phrase=&amp;proverb=&amp;loan=&amp;histLoanWords=&amp;keywords=pu%C4%81wai#\" data-id=\"6025\">Play<\/a><\/h2>\n<div class=\"detail\">\n<p><strong>1.<\/strong> <strong>(verb)<\/strong> (-tia) to bloom, come to fruition, open out (of a flower).<\/p>\n<\/div>\n","protected":false},"excerpt":{"rendered":"<p>pu\u0101wai Play 1. (verb) (-tia) to bloom, come to fruition, open out (of a flower).<\/p>\n","protected":false},"author":2,"featured_media":0,"parent":0,"menu_order":0,"comment_status":"closed","ping_status":"closed","template":"","meta":{"_monsterinsights_skip_tracking":false,"_monsterinsights_sitenote_active":false,"_monsterinsights_sitenote_note":"","_monsterinsights_sitenote_category":0,"footnotes":""},"class_list":["post-48","page","type-page","status-publish","hentry","post"],"yoast_head":"<!-- This site is optimized with the Yoast SEO plugin v25.3 - https:\/\/yoast.com\/wordpress\/plugins\/seo\/ -->\n<title>About Pu\u0101wai - Pu\u0101wai Developments<\/title>\n<meta name=\"robots\" content=\"index, follow, max-snippet:-1, max-image-preview:large, max-video-preview:-1\" \/>\n<link rel=\"canonical\" href=\"https:\/\/www.puawaidevelopments.co.nz\/index.php\/about-puawai\/\" \/>\n<meta property=\"og:locale\" content=\"en_US\" \/>\n<meta property=\"og:type\" content=\"article\" \/>\n<meta property=\"og:title\" content=\"About Pu\u0101wai - Pu\u0101wai Developments\" \/>\n<meta property=\"og:description\" content=\"pu\u0101wai Play 1. (verb) (-tia) to bloom, come to fruition, open out (of a flower).\" \/>\n<meta property=\"og:url\" content=\"https:\/\/www.puawaidevelopments.co.nz\/index.php\/about-puawai\/\" \/>\n<meta property=\"og:site_name\" content=\"Pu\u0101wai Developments\" \/>\n<meta property=\"article:publisher\" content=\"https:\/\/www.facebook.com\/puawaidevelopments\/\" \/>\n<meta property=\"article:modified_time\" content=\"2016-11-26T09:04:56+00:00\" \/>\n<meta name=\"twitter:card\" content=\"summary_large_image\" \/>\n<meta name=\"twitter:site\" content=\"@puawaiadmin\" \/>\n<script type=\"application\/ld+json\" class=\"yoast-schema-graph\">{\"@context\":\"https:\/\/schema.org\",\"@graph\":[{\"@type\":\"WebPage\",\"@id\":\"https:\/\/www.puawaidevelopments.co.nz\/index.php\/about-puawai\/\",\"url\":\"https:\/\/www.puawaidevelopments.co.nz\/index.php\/about-puawai\/\",\"name\":\"About Pu\u0101wai - Pu\u0101wai Developments\",\"isPartOf\":{\"@id\":\"https:\/\/www.puawaidevelopments.co.nz\/#website\"},\"datePublished\":\"2016-06-21T16:18:36+00:00\",\"dateModified\":\"2016-11-26T09:04:56+00:00\",\"breadcrumb\":{\"@id\":\"https:\/\/www.puawaidevelopments.co.nz\/index.php\/about-puawai\/#breadcrumb\"},\"inLanguage\":\"en-NZ\",\"potentialAction\":[{\"@type\":\"ReadAction\",\"target\":[\"https:\/\/www.puawaidevelopments.co.nz\/index.php\/about-puawai\/\"]}]},{\"@type\":\"BreadcrumbList\",\"@id\":\"https:\/\/www.puawaidevelopments.co.nz\/index.php\/about-puawai\/#breadcrumb\",\"itemListElement\":[{\"@type\":\"ListItem\",\"position\":1,\"name\":\"Home\",\"item\":\"https:\/\/www.puawaidevelopments.co.nz\/\"},{\"@type\":\"ListItem\",\"position\":2,\"name\":\"About Pu\u0101wai\"}]},{\"@type\":\"WebSite\",\"@id\":\"https:\/\/www.puawaidevelopments.co.nz\/#website\",\"url\":\"https:\/\/www.puawaidevelopments.co.nz\/\",\"name\":\"Pu\u0101wai Developments\",\"description\":\"Sustainable Residential Housing Development\",\"potentialAction\":[{\"@type\":\"SearchAction\",\"target\":{\"@type\":\"EntryPoint\",\"urlTemplate\":\"https:\/\/www.puawaidevelopments.co.nz\/?s={search_term_string}\"},\"query-input\":{\"@type\":\"PropertyValueSpecification\",\"valueRequired\":true,\"valueName\":\"search_term_string\"}}],\"inLanguage\":\"en-NZ\"}]}<\/script>\n<!-- \/ Yoast SEO plugin. -->","yoast_head_json":{"title":"About Pu\u0101wai - Pu\u0101wai Developments","robots":{"index":"index","follow":"follow","max-snippet":"max-snippet:-1","max-image-preview":"max-image-preview:large","max-video-preview":"max-video-preview:-1"},"canonical":"https:\/\/www.puawaidevelopments.co.nz\/index.php\/about-puawai\/","og_locale":"en_US","og_type":"article","og_title":"About Pu\u0101wai - Pu\u0101wai Developments","og_description":"pu\u0101wai Play 1. (verb) (-tia) to bloom, come to fruition, open out (of a flower).","og_url":"https:\/\/www.puawaidevelopments.co.nz\/index.php\/about-puawai\/","og_site_name":"Pu\u0101wai Developments","article_publisher":"https:\/\/www.facebook.com\/puawaidevelopments\/","article_modified_time":"2016-11-26T09:04:56+00:00","twitter_card":"summary_large_image","twitter_site":"@puawaiadmin","schema":{"@context":"https:\/\/schema.org","@graph":[{"@type":"WebPage","@id":"https:\/\/www.puawaidevelopments.co.nz\/index.php\/about-puawai\/","url":"https:\/\/www.puawaidevelopments.co.nz\/index.php\/about-puawai\/","name":"About Pu\u0101wai - Pu\u0101wai Developments","isPartOf":{"@id":"https:\/\/www.puawaidevelopments.co.nz\/#website"},"datePublished":"2016-06-21T16:18:36+00:00","dateModified":"2016-11-26T09:04:56+00:00","breadcrumb":{"@id":"https:\/\/www.puawaidevelopments.co.nz\/index.php\/about-puawai\/#breadcrumb"},"inLanguage":"en-NZ","potentialAction":[{"@type":"ReadAction","target":["https:\/\/www.puawaidevelopments.co.nz\/index.php\/about-puawai\/"]}]},{"@type":"BreadcrumbList","@id":"https:\/\/www.puawaidevelopments.co.nz\/index.php\/about-puawai\/#breadcrumb","itemListElement":[{"@type":"ListItem","position":1,"name":"Home","item":"https:\/\/www.puawaidevelopments.co.nz\/"},{"@type":"ListItem","position":2,"name":"About Pu\u0101wai"}]},{"@type":"WebSite","@id":"https:\/\/www.puawaidevelopments.co.nz\/#website","url":"https:\/\/www.puawaidevelopments.co.nz\/","name":"Pu\u0101wai Developments","description":"Sustainable Residential Housing Development","potentialAction":[{"@type":"SearchAction","target":{"@type":"EntryPoint","urlTemplate":"https:\/\/www.puawaidevelopments.co.nz\/?s={search_term_string}"},"query-input":{"@type":"PropertyValueSpecification","valueRequired":true,"valueName":"search_term_string"}}],"inLanguage":"en-NZ"}]}},"_links":{"self":[{"href":"https:\/\/www.puawaidevelopments.co.nz\/index.php\/wp-json\/wp\/v2\/pages\/48","targetHints":{"allow":["GET"]}}],"collection":[{"href":"https:\/\/www.puawaidevelopments.co.nz\/index.php\/wp-json\/wp\/v2\/pages"}],"about":[{"href":"https:\/\/www.puawaidevelopments.co.nz\/index.php\/wp-json\/wp\/v2\/types\/page"}],"author":[{"embeddable":true,"href":"https:\/\/www.puawaidevelopments.co.nz\/index.php\/wp-json\/wp\/v2\/users\/2"}],"replies":[{"embeddable":true,"href":"https:\/\/www.puawaidevelopments.co.nz\/index.php\/wp-json\/wp\/v2\/comments?post=48"}],"version-history":[{"count":6,"href":"https:\/\/www.puawaidevelopments.co.nz\/index.php\/wp-json\/wp\/v2\/pages\/48\/revisions"}],"predecessor-version":[{"id":659,"href":"https:\/\/www.puawaidevelopments.co.nz\/index.php\/wp-json\/wp\/v2\/pages\/48\/revisions\/659"}],"wp:attachment":[{"href":"https:\/\/www.puawaidevelopments.co.nz\/index.php\/wp-json\/wp\/v2\/media?parent=48"}],"curies":[{"name":"wp","href":"https:\/\/api.w.org\/{rel}","templated":true}]}}